is 5a + 6?
60
In base 2, what is -1 - 10010?
-10011
In base 15, what is 1 - 58?
-57
In base 9, what is -31 - 31?
-62
In base 16, what is 2f7 - 0?
2f7
In base 14, what is 3 + -ca5?
-ca2
In base 10, what is 16 - -20?
36
In base 8, what is 143 + -7?
134
In base 5, what is -30 + -2?
-32
In base 10, what is 2 + 132?
134
In base 16, what is 0 - -b3?
b3
In base 6, what is 31321 - -1?
31322
In base 15, what is 4 + -3b1?
-3ac
In base 7, what is 61042 + -5?
61034
In base 13, what is 2 - 11?
-c
In base 12, what is -3 + -35b?
-362
In base 2, what is -100 - 1?
-101
In base 5, what is 223130 - 10?
223120
In base 10, what is 389 + -3?
386
In base 12, what is 2 + 964?
966
In base 7, what is 1614 + 4?
1621
In base 8, what is 14 + -172?
-156
In base 2, what is -10 + -10001010111?
-10001011001
In base 11, what is 5 + 134?
139
In base 2, what is -10 + -1010100101?
-1010100111
In base 9, what is -624 - 2?
-626
In base 16, what is 6 - 1090?
-108a
In base 15, what is -2 + -b?
-d
In base 7, what is -1252 + 133?
-1116
In base 2, what is -10000010101 - -101?
-10000010000
In base 9, what is -1 + 368?
367
In base 13, what is -2424 - 1?
-2425
In base 16, what is -2 + -43d?
-43f
In base 13, what is -4 - 3b?
-42
In base 6, what is -3 + 35?
32
In base 13, what is -2 - -8?
6
In base 10, what is 42 - -9?
51
In base 8, what is 32 + 4?
36
In base 5, what is -11434 - -1?
-11433
In base 6, what is 0 + 2203?
2203
In base 11, what is 0 - -77?
77
In base 8, what is -10 + -61?
-71
In base 16, what is -74 + 1?
-73
In base 6, what is -31 + 1501?
1430
In base 4, what is -213 + 302?
23
In base 4, what is 3330 - -3?
3333
In base 11, what is a2 + 66?
158
In base 2, what is 1101 + 1001001?
1010110
In base 6, what is -1 - 143?
-144
In base 3, what is 1 - 2000111?
-2000110
In base 11, what is 74 - 36?
39
In base 4, what is 22 + 10011?
10033
In base 13, what is -2 - 1c7?
-1c9
In base 10, what is -3 - 1299?
-1302
In base 3, what is 1111 + 101?
1212
In base 7, what is 5 + -626?
-621
In base 12, what is -1 + 505?
504
In base 15, what is 3 + -977?
-974
In base 9, what is -4 + 2201?
2186
In base 2, what is -101 - -100?
-1
In base 3, what is -11 - -1022022?
1022011
In base 12, what is -5 - 51?
-56
In base 7, what is 2 + -123?
-121
In base 7, what is 2610 - -6?
2616
In base 5, what is -134 + -4?
-143
In base 4, what is -13311 + -122?
-20033
In base 8, what is -14505 + -4?
-14511
In base 7, what is 11 - 1?
10
In base 4, what is -22120032 + 3?
-22120023
In base 13, what is 3 - -99?
9c
In base 4, what is -1 + -300020?
-300021
In base 7, what is -112 - -4?
-105
In base 4, what is -11 + -22112?
-22123
In base 8, what is 2 - 10?
-6
In base 16, what is 0 - -731?
731
In base 8, what is 1 - -10?
11
In base 14, what is 4 - -173?
177
In base 4, what is -231 + -3?
-300
In base 12, what is 3 + 1a?
21
In base 8, what is 166 + 106?
274
In base 11, what is -7 - 44?
-50
In base 2, what is 10110001 + 1?
10110010
In base 16, what is -5 - 457?
-45c
In base 7, what is 524 + -2?
522
In base 7, what is 4 + -4120?
-4113
In base 6, what is 413 + 4?
421
In base 14, what is -1c - -c7?
a9
In base 6, what is 1 - 12?
-11
In base 8, what is -373 + 13?
-360
In base 3, what is -1000 - -2122?
1122
In base 9, what is 25 + 3?
28
In base 15, what is 5 - -3c?
42
In base 5, what is -1321 - -4?
-1312
In base 9, what is 331 - -17?
348
In base 13, what is b + 6?
14
In base 10, what is 491 + -6?
485
In base 5, what is -231031 - -4?
-231022
In base 5, what is 1112 - -3?
1120
In base 7, what is 36 - 120?
-51
In base 10, what is -635 + 5?
-630
In base 2, what is 1110110 - -11?
1111001
In base 13, what is 90 - -1c?
ac
In base 3, what is -10 - 1000?
-1010
In base 3, what is 1122 - -1?
1200
In base 2, what is 11111 - -100101?
1000100
In base 7, what is 113 - 1?
112
In base 14, what is 12 - 48?
-36
In base 13, what is 169 + -4?
165
In base 11, what is -37 - -6?
-31
In base 16, what is 5 + -33?
-2e
In base 6, what is -155 + -121?
-320
In base 16, what is 2 - 2b?
-29
In base 3, what is -1 - -20011121?
20011120
In base 12, what is 15b8 - 8?
15b0
In base 2, what is -101111111110 - -10?
-101111111100
In base 7, what is -3246 - 0?
-3246
In base 5, what is 22240 - 10?
22230
In base 2, what is -10110010 + 1001?
-10101001
In base 5, what is 0 - 2110?
-2110
In base 11, what is 82 - -4?
86
In base 13, what is 5 + a0?
a5
In base 10, what is 4 + 62?
66
In base 8, what is -5 - 32?
-37
In base 7, what is 0 - -14?
14
In base 10, what is 1 - 5?
-4
In base 11, what is 102 - 0?
102
In base 12, what is 0 + -4?
-4
In base 16, what is -6 + 94?
8e
In base 2, what is 1 + 10010100?
10010101
In base 9, what is 3 - 308?
-305
In base 7, what is -264 + 2?
-262
In base 2, what is 10 + -11100100011?
-11100100001
In base 15, what is b + -e?
-3
In base 14, what is -63 - -12?
-51
In base 8, what is 3 + 404?
407
In base 14, what is -1 + -1?
-2
In base 3, what is 22212210 + -12?
22212121
In base 6, what is -4514 - -5?
-4505
In base 4, what is 32122 - -10?
32132
In base 14, what is -1bd + -4?
-1c3
In base 13, what is -2b + -17?
-45
In base 4, what is 211213 + -2?
211211
In base 12, what is -12a4 - -16?
-128a
In base 5, what is 113 + 103?
221
In base 6, what is -1 - 1?
-2
In base 14, what is -12 + 31?
1d
In base 10, what is -4 + -126?
-130
In base 13, what is 20 - 1?
1c
In base 14, what is 3537 - -4?
353b
In base 4, what is 10331 + -1?
10330
In base 9, what is -4154 - -4?
-4150
In base 7, what is -1 + -52?
-53
In base 15, what is -5a - 15?
-70
In base 16, what is 36 + -6?
30
In base 6, what is -343 - -5?
-334
In base 4, what is 10012 + 10?
10022
In base 8, what is 51 + 2?
53
In base 8, what is -66 - -7?
-57
In base 9, what is -2 - 3516?
-3518
In base 4, what is 120 - -103?
223
In base 2, what is -100 - 110111?
-111011
In base 9, what is 243 + 30?
273
In base 10, what is -5 - -54?
49
In base 5, what is 3 - -4310?
4313
In base 7, what is -33 - -62?
26
In base 2, what is -10010 + -101100?
-111110
In base 16, what is -c9f + 0?
-c9f
In base 9, what is 102 + -30?
62
In base 5, what is 11 - -1123?
1134
In base 8, what is -4373 + 4?
-4367
In base 6, what is -1535 + 3?
-1532
In base 16, what is 2a + 5a?
84
In base 6, what is -4 - -214?
210
In base 13, what is 3 + -1251?
-124b
In base 3, what is -120 + 110?
-10
In base 5, what is -10 - -112401?
112341
In base 4, what is 211 + -23021?
-22210
In base 8, what is -1 - -1634?
1633
In base 11, what is -6 - 303?
-309
In base 6, what is 155 + -1?
154
In base 13, what is 174 + 5?
179
In base 6, what is 4 + -345?
-341
In base 10, what is 41 + -69?
-28
In base 15, what is 1 - -1e7?
1e8
In base 2, what is -10 - -1101001?
1100111
In base 12, what is 7a8 - 0?
7a8
In base 5, what is -211 + -2?
-213
In base 10, what is -103 - 1?
-104
In base 2, what is -10000111110 - -1?
-10000111101
In base 15, what is -2 + -143?
-145
In base 16, what is 1 - 73?
-72
In base 6, what is 0 - -1042?
1042
In base 10, what is 153 + 5?
158
In base 5, what is -20 + 2?
-13
In base 5, what is 1110 - 2?
1103
In base 16, what is -3 - 5?
-8
In base 15, what is -3757 - -3?
-3754
In base 12, what is -116 + -19?
-133
In base 16, what is 20 + -63?
-43
In base 9, what is -221 + -1?
-222
In base 3, what is -11 + 202001?
201220
In base 15, what is 4 - 93?
-8e
In base 9, what is 1741 - 1?
1740
In base 15, what is 3c - -1?
3d
In base 16, what is -8 + 3?
-5
In base 12, what is 48a - 5?
485
In base 15, what is 2 + 30e?
311
In base 15, what is -3c - -c?
-30
In base 14, what is 4 + 48?
4c
In base 8, what is 5273 - 0?
5273
In base 7, what is -1 + 20?
16
In base 13, what is 1 + -4c?
-4b
In base 6, what is 41 + 214?
255
In base 15, what is 1 - 65?
-64
In base 4, what is -3032 + 1?
-3031
In base 16, what is 2158 - -3?
215b
In base 7, what is 2 + 160?
162
In base 5, what is -1032 + -3?
-1040
In base 3, what is 10212 + -1?
10211
In base 3, what is -11 - 221?
-1002
In base 8, what is -4 + -47?
-53
In base 7, what is 5 + -5314?
-5306
In base 16, what is -5 + -b21?
-b26
In base 11, what is -959 + 7?
-952
In base 7, what is 1 + -33?
-32
In base 15, what is 1 - -1aa?
1ab
In base 11, what is -5 + 3359?
3354
In base 9, what is -2 + -15?
-17
In base 8, what is -2121 + -21?
-2142
In base 2, what is -101 - -11110000?
11101011
In base 11, what is -11 + -21?
-32
In base 2, what is -11100001 - -1110?
-11010011
In base